{"id":99,"date":"2022-04-07T06:46:21","date_gmt":"2022-04-07T09:46:21","guid":{"rendered":"https:\/\/vipnix.com.br\/site\/?page_id=99"},"modified":"2023-02-10T21:14:49","modified_gmt":"2023-02-11T00:14:49","slug":"monitor","status":"publish","type":"page","link":"https:\/\/vipnix.com.br\/site\/monitor\/","title":{"rendered":"VIPNIX Monitor"},"content":{"rendered":"\n<p>Oferecemos integra\u00e7\u00e3o com outras ferramentas de monitoramento, como Cacti e Grafana, para que voc\u00ea possa visualizar de forma clara e intuitiva a sa\u00fade e performance de todos os seus servidores e servi\u00e7os, com recursos adicionais como:<\/p>\n\n\n\n<p>An\u00e1lise de m\u00e9tricas em tempo real Gr\u00e1ficos interativos e dashboards personalizados Integra\u00e7\u00e3o com ferramentas de gerenciamento de incidentes Integra\u00e7\u00e3o com sistemas de automa\u00e7\u00e3o Integra\u00e7\u00e3o com sistemas de gerenciamento de configura\u00e7\u00e3o Notifica\u00e7\u00f5es automatizadas baseadas em regras e pol\u00edticas de alerta Suporte \u00e0 v\u00e1rios protocolos de monitoramento, incluindo SNMP, JMX, IPMI, entre outros Ferramentas de an\u00e1lise de dados avan\u00e7adas, incluindo agrega\u00e7\u00e3o de dados, an\u00e1lise de tend\u00eancias e detec\u00e7\u00e3o de problemas.<\/p>\n\n\n\n<p>Com nossa solu\u00e7\u00e3o de monitoramento, voc\u00ea pode ter a certeza de que seus servi\u00e7os est\u00e3o sempre sob controle e que voc\u00ea ser\u00e1 imediatamente informado em caso de qualquer problema ou falha. Assim, voc\u00ea pode tomar medidas proativas para garantir a disponibilidade e desempenho de seus servi\u00e7os, aumentando a satisfa\u00e7\u00e3o de seus clientes e a confian\u00e7a em sua marca.<br><\/p>\n\n\n\n<p>Utilizamos hoje o Zabbix como nossa principal solu\u00e7\u00e3o de monitoramento proativo de servidores e servi\u00e7os online. Com as funcionalidades abrangentes do Zabbix, oferecemos:<\/p>\n\n\n\n<ul class=\"wp-block-list\">\n<li>Monitoramento em tempo real dos recursos de hardware e software<\/li>\n\n\n\n<li>Gr\u00e1ficos e dashboards interativos para visualiza\u00e7\u00e3o de dados<\/li>\n\n\n\n<li>Envio de alertas via Telegram e email para notifica\u00e7\u00f5es imediatas de problemas<\/li>\n\n\n\n<li>Gera\u00e7\u00e3o de relat\u00f3rios detalhados para melhor tomadas de decis\u00e3o baseadas em dados<\/li>\n\n\n\n<li>Integra\u00e7\u00e3o com v\u00e1rios sistemas e aplicativos para monitorar servi\u00e7os espec\u00edficos.<\/li>\n<\/ul>\n\n\n\n<p>O Zabbix \u00e9 a escolha ideal para garantir a disponibilidade e desempenho dos seus servidores e servi\u00e7os online.<\/p>\n","protected":false},"excerpt":{"rendered":"<p>Oferecemos integra\u00e7\u00e3o com outras ferramentas de monitoramento, como Cacti e Grafana, para que voc\u00ea possa visualizar de forma clara e intuitiva a sa\u00fade e performance de todos os seus servidores e servi\u00e7os, com recursos adicionais como: An\u00e1lise de m\u00e9tricas em tempo real Gr\u00e1ficos interativos e dashboards personalizados Integra\u00e7\u00e3o com ferramentas de gerenciamento de incidentes Integra\u00e7\u00e3o [&hellip;]<\/p>\n","protected":false},"author":1,"featured_media":0,"parent":0,"menu_order":0,"comment_status":"closed","ping_status":"closed","template":"","meta":{"_monsterinsights_skip_tracking":false,"_monsterinsights_sitenote_active":false,"_monsterinsights_sitenote_note":"","_monsterinsights_sitenote_category":0,"_uf_show_specific_survey":0,"_uf_disable_surveys":false,"footnotes":""},"class_list":["post-99","page","type-page","status-publish","hentry"],"aioseo_notices":[],"_links":{"self":[{"href":"https:\/\/vipnix.com.br\/site\/wp-json\/wp\/v2\/pages\/99","targetHints":{"allow":["GET"]}}],"collection":[{"href":"https:\/\/vipnix.com.br\/site\/wp-json\/wp\/v2\/pages"}],"about":[{"href":"https:\/\/vipnix.com.br\/site\/wp-json\/wp\/v2\/types\/page"}],"author":[{"embeddable":true,"href":"https:\/\/vipnix.com.br\/site\/wp-json\/wp\/v2\/users\/1"}],"replies":[{"embeddable":true,"href":"https:\/\/vipnix.com.br\/site\/wp-json\/wp\/v2\/comments?post=99"}],"version-history":[{"count":2,"href":"https:\/\/vipnix.com.br\/site\/wp-json\/wp\/v2\/pages\/99\/revisions"}],"predecessor-version":[{"id":215,"href":"https:\/\/vipnix.com.br\/site\/wp-json\/wp\/v2\/pages\/99\/revisions\/215"}],"wp:attachment":[{"href":"https:\/\/vipnix.com.br\/site\/wp-json\/wp\/v2\/media?parent=99"}],"curies":[{"name":"wp","href":"https:\/\/api.w.org\/{rel}","templated":true}]}}