{"id":15,"date":"2022-04-07T05:01:10","date_gmt":"2022-04-07T08:01:10","guid":{"rendered":"https:\/\/vipnix.com.br\/site\/?page_id=15"},"modified":"2023-02-10T22:36:35","modified_gmt":"2023-02-11T01:36:35","slug":"contato","status":"publish","type":"page","link":"https:\/\/vipnix.com.br\/site\/contato\/","title":{"rendered":"Contato"},"content":{"rendered":"\n<p>Nosso hor\u00e1rio de atendimento \u00e9 das 09h \u00e0s 18h, de segunda a sexta-feira. Al\u00e9m disso, oferecemos suporte 24 horas por dia, 7 dias por semana, para solu\u00e7\u00f5es cr\u00edticas que requerem aten\u00e7\u00e3o imediata.<\/p>\n\n\n\n<p>Para entrar em contato com a nossa equipe de suporte, voc\u00ea pode ligar para n\u00f3s pelo n\u00famero (31) 99851-0666 ou enviar uma mensagem para o nosso WhatsApp no mesmo n\u00famero. Se preferir, voc\u00ea tamb\u00e9m pode enviar um e-mail para <a href=\"mailto:contato@vipnix.com.br\">contato@vipnix.com.br<\/a> e n\u00f3s responderemos o mais r\u00e1pido poss\u00edvel.<\/p>\n\n\n\n<p>N\u00f3s valorizamos a comunica\u00e7\u00e3o clara e eficiente com nossos clientes e trabalhamos incansavelmente para fornecer solu\u00e7\u00f5es de alta qualidade para atender \u00e0s suas necessidades de TI. N\u00e3o hesite em entrar em contato conosco a qualquer momento, estamos sempre dispostos a ajud\u00e1-lo.<\/p>\n","protected":false},"excerpt":{"rendered":"<p>Nosso hor\u00e1rio de atendimento \u00e9 das 09h \u00e0s 18h, de segunda a sexta-feira. Al\u00e9m disso, oferecemos suporte 24 horas por dia, 7 dias por semana, para solu\u00e7\u00f5es cr\u00edticas que requerem aten\u00e7\u00e3o imediata. Para entrar em contato com a nossa equipe de suporte, voc\u00ea pode ligar para n\u00f3s pelo n\u00famero (31) 99851-0666 ou enviar uma mensagem [&hellip;]<\/p>\n","protected":false},"author":1,"featured_media":0,"parent":0,"menu_order":0,"comment_status":"closed","ping_status":"closed","template":"","meta":{"_monsterinsights_skip_tracking":false,"_monsterinsights_sitenote_active":false,"_monsterinsights_sitenote_note":"","_monsterinsights_sitenote_category":0,"_uf_show_specific_survey":0,"_uf_disable_surveys":false,"footnotes":""},"class_list":["post-15","page","type-page","status-publish","hentry"],"aioseo_notices":[],"_links":{"self":[{"href":"https:\/\/vipnix.com.br\/site\/wp-json\/wp\/v2\/pages\/15","targetHints":{"allow":["GET"]}}],"collection":[{"href":"https:\/\/vipnix.com.br\/site\/wp-json\/wp\/v2\/pages"}],"about":[{"href":"https:\/\/vipnix.com.br\/site\/wp-json\/wp\/v2\/types\/page"}],"author":[{"embeddable":true,"href":"https:\/\/vipnix.com.br\/site\/wp-json\/wp\/v2\/users\/1"}],"replies":[{"embeddable":true,"href":"https:\/\/vipnix.com.br\/site\/wp-json\/wp\/v2\/comments?post=15"}],"version-history":[{"count":3,"href":"https:\/\/vipnix.com.br\/site\/wp-json\/wp\/v2\/pages\/15\/revisions"}],"predecessor-version":[{"id":239,"href":"https:\/\/vipnix.com.br\/site\/wp-json\/wp\/v2\/pages\/15\/revisions\/239"}],"wp:attachment":[{"href":"https:\/\/vipnix.com.br\/site\/wp-json\/wp\/v2\/media?parent=15"}],"curies":[{"name":"wp","href":"https:\/\/api.w.org\/{rel}","templated":true}]}}