{"id":149,"date":"2022-04-07T07:41:50","date_gmt":"2022-04-07T10:41:50","guid":{"rendered":"https:\/\/vipnix.com.br\/site\/?page_id=149"},"modified":"2023-02-10T21:36:34","modified_gmt":"2023-02-11T00:36:34","slug":"criptografia","status":"publish","type":"page","link":"https:\/\/vipnix.com.br\/site\/criptografia\/","title":{"rendered":"Criptografia de dados"},"content":{"rendered":"\n<p>A criptografia de dados \u00e9 uma solu\u00e7\u00e3o de seguran\u00e7a digital cada vez mais importante em um mundo onde dados sens\u00edveis est\u00e3o em constante circula\u00e7\u00e3o. A criptografia garante a privacidade e a confidencialidade de seus dados, sejam eles arquivos pessoais ou confidenciais da sua empresa. Al\u00e9m disso, a criptografia tamb\u00e9m protege os seus dados contra amea\u00e7as externas como hackers e v\u00edrus.<\/p>\n\n\n\n<p>Nosso servi\u00e7o de criptografia de dados \u00e9 altamente personaliz\u00e1vel, permitindo que voc\u00ea escolha o n\u00edvel de prote\u00e7\u00e3o que precisa para o seu neg\u00f3cio. Oferecemos criptografia a n\u00edvel de arquivo, sistema de arquivo e at\u00e9 mesmo para backups, garantindo que todas as informa\u00e7\u00f5es sens\u00edveis estejam seguras.<\/p>\n\n\n\n<p>N\u00f3s usamos as mais avan\u00e7adas tecnologias de criptografia, como criptografia de chave sim\u00e9trica e assim\u00e9trica, criptografia de disco completo e outras, para garantir a seguran\u00e7a m\u00e1xima de seus dados. Al\u00e9m disso, nossos especialistas em seguran\u00e7a digital ajudar\u00e3o a implementar medidas adicionais de seguran\u00e7a, como autentica\u00e7\u00e3o de usu\u00e1rio e senha, para aumentar ainda mais a prote\u00e7\u00e3o de seus dados.<\/p>\n\n\n\n<p>N\u00e3o \u00e9 poss\u00edvel subestimar a import\u00e2ncia da criptografia de dados nos dias de hoje. Al\u00e9m de proteger a privacidade de suas informa\u00e7\u00f5es, tamb\u00e9m \u00e9 uma quest\u00e3o de responsabilidade garantir que as informa\u00e7\u00f5es confidenciais de seus clientes, fornecedores e parceiros estejam seguras. N\u00e3o perca mais tempo e garanta a seguran\u00e7a de seus dados com nosso servi\u00e7o de criptografia de dados.<\/p>\n","protected":false},"excerpt":{"rendered":"<p>A criptografia de dados \u00e9 uma solu\u00e7\u00e3o de seguran\u00e7a digital cada vez mais importante em um mundo onde dados sens\u00edveis est\u00e3o em constante circula\u00e7\u00e3o. A criptografia garante a privacidade e a confidencialidade de seus dados, sejam eles arquivos pessoais ou confidenciais da sua empresa. Al\u00e9m disso, a criptografia tamb\u00e9m protege os seus dados contra amea\u00e7as [&hellip;]<\/p>\n","protected":false},"author":1,"featured_media":0,"parent":0,"menu_order":0,"comment_status":"closed","ping_status":"closed","template":"","meta":{"_monsterinsights_skip_tracking":false,"_monsterinsights_sitenote_active":false,"_monsterinsights_sitenote_note":"","_monsterinsights_sitenote_category":0,"_uf_show_specific_survey":0,"_uf_disable_surveys":false,"footnotes":""},"class_list":["post-149","page","type-page","status-publish","hentry"],"aioseo_notices":[],"_links":{"self":[{"href":"https:\/\/vipnix.com.br\/site\/wp-json\/wp\/v2\/pages\/149","targetHints":{"allow":["GET"]}}],"collection":[{"href":"https:\/\/vipnix.com.br\/site\/wp-json\/wp\/v2\/pages"}],"about":[{"href":"https:\/\/vipnix.com.br\/site\/wp-json\/wp\/v2\/types\/page"}],"author":[{"embeddable":true,"href":"https:\/\/vipnix.com.br\/site\/wp-json\/wp\/v2\/users\/1"}],"replies":[{"embeddable":true,"href":"https:\/\/vipnix.com.br\/site\/wp-json\/wp\/v2\/comments?post=149"}],"version-history":[{"count":2,"href":"https:\/\/vipnix.com.br\/site\/wp-json\/wp\/v2\/pages\/149\/revisions"}],"predecessor-version":[{"id":224,"href":"https:\/\/vipnix.com.br\/site\/wp-json\/wp\/v2\/pages\/149\/revisions\/224"}],"wp:attachment":[{"href":"https:\/\/vipnix.com.br\/site\/wp-json\/wp\/v2\/media?parent=149"}],"curies":[{"name":"wp","href":"https:\/\/api.w.org\/{rel}","templated":true}]}}