{"id":123,"date":"2022-04-07T07:15:49","date_gmt":"2022-04-07T10:15:49","guid":{"rendered":"https:\/\/vipnix.com.br\/site\/?page_id=123"},"modified":"2023-02-10T22:28:49","modified_gmt":"2023-02-11T01:28:49","slug":"suporte-in-loco","status":"publish","type":"page","link":"https:\/\/vipnix.com.br\/site\/suporte-in-loco\/","title":{"rendered":"Suporte t\u00e9cnico in-loco"},"content":{"rendered":"\n<p>Na Vipnix, entendemos que a necessidade de atendimento t\u00e9cnico in-loco pode surgir a qualquer momento e \u00e9 fundamental para garantir a continuidade dos neg\u00f3cios de nossos clientes. Por isso, disponibilizamos uma equipe altamente qualificada e experiente de t\u00e9cnicos prontos para atender \u00e0s necessidades de nossos clientes em qualquer localidade.<\/p>\n\n\n\n<p>Nosso objetivo \u00e9 garantir a m\u00e1xima disponibilidade e continuidade dos neg\u00f3cios de nossos clientes, e isso come\u00e7a com um atendimento t\u00e9cnico r\u00e1pido e eficiente. Nossos t\u00e9cnicos est\u00e3o prontos para atender rapidamente a qualquer chamado, seja na estrutura do cliente ou em seu datacenter.<\/p>\n\n\n\n<p>Al\u00e9m disso, nossa equipe \u00e9 formada por profissionais altamente capacitados e treinados nas \u00faltimas t\u00e9cnicas e tecnologias de TI. Isso significa que nossos t\u00e9cnicos s\u00e3o capazes de solucionar rapidamente qualquer problema, sem prejudicar a qualidade do atendimento.<\/p>\n\n\n\n<p>Em suma, ao optar pela Vipnix para atendimento in-loco, voc\u00ea pode ter a tranquilidade de saber que sua empresa est\u00e1 em boas m\u00e3os. Nossa equipe altamente capacitada e comprometida \u00e9 liderada por profissionais experientes e \u00e9 a melhor do mercado em garantir a continuidade dos neg\u00f3cios de nossos clientes. N\u00e3o hesite em nos contactar para saber mais sobre como podemos ajud\u00e1-lo com seus projetos de TI.<\/p>\n","protected":false},"excerpt":{"rendered":"<p>Na Vipnix, entendemos que a necessidade de atendimento t\u00e9cnico in-loco pode surgir a qualquer momento e \u00e9 fundamental para garantir a continuidade dos neg\u00f3cios de nossos clientes. Por isso, disponibilizamos uma equipe altamente qualificada e experiente de t\u00e9cnicos prontos para atender \u00e0s necessidades de nossos clientes em qualquer localidade. Nosso objetivo \u00e9 garantir a m\u00e1xima [&hellip;]<\/p>\n","protected":false},"author":1,"featured_media":0,"parent":0,"menu_order":0,"comment_status":"closed","ping_status":"closed","template":"","meta":{"_monsterinsights_skip_tracking":false,"_monsterinsights_sitenote_active":false,"_monsterinsights_sitenote_note":"","_monsterinsights_sitenote_category":0,"_uf_show_specific_survey":0,"_uf_disable_surveys":false,"footnotes":""},"class_list":["post-123","page","type-page","status-publish","hentry"],"aioseo_notices":[],"_links":{"self":[{"href":"https:\/\/vipnix.com.br\/site\/wp-json\/wp\/v2\/pages\/123","targetHints":{"allow":["GET"]}}],"collection":[{"href":"https:\/\/vipnix.com.br\/site\/wp-json\/wp\/v2\/pages"}],"about":[{"href":"https:\/\/vipnix.com.br\/site\/wp-json\/wp\/v2\/types\/page"}],"author":[{"embeddable":true,"href":"https:\/\/vipnix.com.br\/site\/wp-json\/wp\/v2\/users\/1"}],"replies":[{"embeddable":true,"href":"https:\/\/vipnix.com.br\/site\/wp-json\/wp\/v2\/comments?post=123"}],"version-history":[{"count":2,"href":"https:\/\/vipnix.com.br\/site\/wp-json\/wp\/v2\/pages\/123\/revisions"}],"predecessor-version":[{"id":234,"href":"https:\/\/vipnix.com.br\/site\/wp-json\/wp\/v2\/pages\/123\/revisions\/234"}],"wp:attachment":[{"href":"https:\/\/vipnix.com.br\/site\/wp-json\/wp\/v2\/media?parent=123"}],"curies":[{"name":"wp","href":"https:\/\/api.w.org\/{rel}","templated":true}]}}