{"id":103,"date":"2022-04-07T06:49:28","date_gmt":"2022-04-07T09:49:28","guid":{"rendered":"https:\/\/vipnix.com.br\/site\/?page_id=103"},"modified":"2023-02-10T21:04:58","modified_gmt":"2023-02-11T00:04:58","slug":"dns","status":"publish","type":"page","link":"https:\/\/vipnix.com.br\/site\/dns\/","title":{"rendered":"VIPNIX DNS"},"content":{"rendered":"\n<p>N\u00f3s fornecemos solu\u00e7\u00f5es de hospedagem de dom\u00ednio avan\u00e7adas para nossos clientes. Al\u00e9m de hospedar o seu dom\u00ednio em nossos pr\u00f3prios servidores DNS, tamb\u00e9m oferecemos configura\u00e7\u00e3o personalizada do Bind, DNSmasq ou Windows DNS em qualquer servidor desejado. Nossos servi\u00e7os incluem:<\/p>\n\n\n\n<ul class=\"wp-block-list\">\n<li>Configura\u00e7\u00e3o de alta qualidade, para garantir a integridade e a efici\u00eancia do seu dom\u00ednio.<\/li>\n\n\n\n<li>Migra\u00e7\u00e3o suave e sem interrup\u00e7\u00f5es para nossos servidores, para que voc\u00ea possa aproveitar todos os benef\u00edcios de nossas solu\u00e7\u00f5es.<\/li>\n\n\n\n<li>Gerenciamento completo de sua hospedagem de dom\u00ednio, para garantir que tudo esteja funcionando como deveria.<\/li>\n\n\n\n<li>Monitoramento proativo cont\u00ednuo, para identificar e resolver rapidamente quaisquer problemas que possam surgir.<\/li>\n\n\n\n<li>Sincroniza\u00e7\u00e3o e replica\u00e7\u00e3o precisas, para manter a integridade e a seguran\u00e7a dos dados em todos os momentos.<\/li>\n<\/ul>\n\n\n\n<p>Nossa equipe altamente qualificada est\u00e1 sempre pronta para ajudar voc\u00ea a alcan\u00e7ar o m\u00e1ximo de desempenho e estabilidade em sua hospedagem de dom\u00ednio.<\/p>\n\n\n\n<p><\/p>\n","protected":false},"excerpt":{"rendered":"<p>N\u00f3s fornecemos solu\u00e7\u00f5es de hospedagem de dom\u00ednio avan\u00e7adas para nossos clientes. Al\u00e9m de hospedar o seu dom\u00ednio em nossos pr\u00f3prios servidores DNS, tamb\u00e9m oferecemos configura\u00e7\u00e3o personalizada do Bind, DNSmasq ou Windows DNS em qualquer servidor desejado. Nossos servi\u00e7os incluem: Nossa equipe altamente qualificada est\u00e1 sempre pronta para ajudar voc\u00ea a alcan\u00e7ar o m\u00e1ximo de desempenho [&hellip;]<\/p>\n","protected":false},"author":1,"featured_media":0,"parent":0,"menu_order":0,"comment_status":"closed","ping_status":"closed","template":"","meta":{"_monsterinsights_skip_tracking":false,"_monsterinsights_sitenote_active":false,"_monsterinsights_sitenote_note":"","_monsterinsights_sitenote_category":0,"_uf_show_specific_survey":0,"_uf_disable_surveys":false,"footnotes":""},"class_list":["post-103","page","type-page","status-publish","hentry"],"aioseo_notices":[],"_links":{"self":[{"href":"https:\/\/vipnix.com.br\/site\/wp-json\/wp\/v2\/pages\/103","targetHints":{"allow":["GET"]}}],"collection":[{"href":"https:\/\/vipnix.com.br\/site\/wp-json\/wp\/v2\/pages"}],"about":[{"href":"https:\/\/vipnix.com.br\/site\/wp-json\/wp\/v2\/types\/page"}],"author":[{"embeddable":true,"href":"https:\/\/vipnix.com.br\/site\/wp-json\/wp\/v2\/users\/1"}],"replies":[{"embeddable":true,"href":"https:\/\/vipnix.com.br\/site\/wp-json\/wp\/v2\/comments?post=103"}],"version-history":[{"count":2,"href":"https:\/\/vipnix.com.br\/site\/wp-json\/wp\/v2\/pages\/103\/revisions"}],"predecessor-version":[{"id":211,"href":"https:\/\/vipnix.com.br\/site\/wp-json\/wp\/v2\/pages\/103\/revisions\/211"}],"wp:attachment":[{"href":"https:\/\/vipnix.com.br\/site\/wp-json\/wp\/v2\/media?parent=103"}],"curies":[{"name":"wp","href":"https:\/\/api.w.org\/{rel}","templated":true}]}}